lse
Is 22184211053 a composite number?
False
Is 3812398741 composite?
True
Is 4094083781 prime?
False
Is 39466849601 composite?
True
Is 1554577289 a prime number?
False
Is 672490814 prime?
False
Is 613897153 a prime number?
True
Is 253070693 a composite number?
False
Is 1261921481 prime?
True
Is 1607304683 a prime number?
True
Is 2850444001 a prime number?
True
Is 37490104687 a composite number?
True
Is 3072598219 a prime number?
False
Is 21757943267 prime?
True
Is 82765224887 a prime number?
True
Is 4852520983 composite?
True
Is 7719320143 a prime number?
True
Is 1561218413 prime?
True
Is 135696020951 prime?
True
Is 4646620061 a prime number?
True
Is 24071351474 composite?
True
Is 1276878749 prime?
True
Is 2977497143 composite?
True
Is 81662880073 a prime number?
False
Is 13307989 a composite number?
False
Is 2585716795 a composite number?
True
Is 151069112833 a composite number?
False
Is 52704185441 a prime number?
False
Is 67991476271 a composite number?
True
Is 1986112099 composite?
True
Is 1782231679 prime?
False
Is 9274184191 a prime number?
False
Is 11154566603 prime?
True
Is 937648121 a composite number?
False
Is 55740277 composite?
True
Is 34457670773 composite?
False
Is 1596069127 a prime number?
False
Is 472410629 prime?
False
Is 464714021 prime?
True
Is 222211187081 prime?
False
Is 351189691 prime?
False
Is 7661752867 prime?
True
Is 2131261001 a prime number?
True
Is 21161177339 prime?
False
Is 7502657971 composite?
False
Is 35635623883 a prime number?
True
Is 5104666937 prime?
True
Is 16738965517 a composite number?
True
Is 1525937429 a composite number?
False
Is 748465937 composite?
False
Is 11720187623 prime?
True
Is 5147927093 prime?
False
Is 1230746453 prime?
True
Is 3969466297 a prime number?
False
Is 59390601883 a prime number?
True
Is 123325931 a prime number?
False
Is 31449771383 composite?
True
Is 131288183267 prime?
False
Is 8972013821 prime?
True
Is 58113065719 composite?
True
Is 10753440739 composite?
False
Is 6587537029 composite?
False
Is 53728026239 a prime number?
True
Is 897762637 a prime number?
True
Is 1324713119 a composite number?
False
Is 147370607 a prime number?
True
Is 188064176111 composite?
True
Is 12314810401 a prime number?
False
Is 131123774851 composite?
True
Is 1356214141 composite?
False
Is 5573666219 prime?
False
Is 10969051313 prime?
False
Is 11778921953 a prime number?
True
Is 271719059 composite?
True
Is 3526145171 a prime number?
False
Is 160052957859 prime?
False
Is 70427460539 a prime number?
False
Is 93165767 composite?
True
Is 1689777979 a prime number?
True
Is 6091203911 a prime number?
False
Is 11572516387 a prime number?
False
Is 3732343187 composite?
False
Is 7608342893 a prime number?
False
Is 865686695 a prime number?
False
Is 2212007701 composite?
False
Is 3509636027 composite?
False
Is 8396024629 composite?
False
Is 14812163 a prime number?
True
Is 12664380205 composite?
True
Is 40161423571 a prime number?
False
Is 82465193753 a prime number?
True
Is 20256787501 a prime number?
True
Is 3070090477 a composite number?
False
Is 215363521 prime?
True
Is 21685921507 composite?
False
Is 14134732609 prime?
False
Is 5545902863 composite?
True
Is 1958947933 prime?
True
Is 38657653721 a prime number?
True
Is 30726131 composite?
False
Is 1864362839 prime?
True
Is 3163025109 prime?
False
Is 47041778711 composite?
False
Is 5552970121 prime?
True
Is 8570408069 composite?
False
Is 5429862721 a composite number?
True
Is 3241943041 a composite number?
True
Is 4754850083 prime?
True
Is 3334719959 a composite number?
True
Is 547921543129 a prime number?
True
Is 13847837837 a prime number?
True
Is 11788053163 prime?
False
Is 27730699 a composite number?
True
Is 87898707929 a prime number?
True
Is 54987514447 composite?
False
Is 90173341 a composite number?
True
Is 1714568351 a prime number?
False
Is 10194865027 prime?
True
Is 1480334819 composite?
False
Is 2145351157 composite?
False
Is 30646422421 composite?
False
Is 31533243829 a composite number?
False
Is 29352537557 a composite number?
True
Is 807241051 a prime number?
False
Is 506891909 a composite number?
False
Is 199605059 a composite number?
False
Is 134888729807 prime?
False
Is 69433703561 composite?
False
Is 25352611 prime?
True
Is 2058820937 a composite number?
True
Is 26836491067 prime?
True
Is 297818921 prime?
False
Is 336574267 prime?
True
Is 44576377 a composite number?
False
Is 1837208867 a prime number?
False
Is 70030092647 a prime number?
True
Is 534315497 a prime number?
False
Is 1276416613 composite?
False
Is 1736865397 a prime number?
True
Is 3022198451 a composite number?
False
Is 79685051 prime?
False
Is 28591896019 composite?
True
Is 11608859407 prime?
True
Is 911064989 a composite number?
False
Is 7349318597 a composite number?
False
Is 505701431 a composite number?
True
Is 494637223 a composite number?
True
Is 635143699 prime?
True
Is 806417981 composite?
False
Is 135009367 a composite number?
False
Is 51101432893 prime?
False
Is 132798697 a composite number?
True
Is 265183759 a composite number?
True
Is 26334908387 prime?
True
Is 19116265199 a prime number?
False
Is 15305247953 a composite number?
False
Is 1003547989 composite?
False
Is 112607116507 a composite number?
True
Is 858607 a prime number?
False
Is 586557397 a prime number?
False
Is 683126839 prime?
False
Is 169832980079 a composite number?
True
Is 29289560753 a composite number?
True
Is 670735129 a composite number?
False
Is 5735183 composite?
True
Is 7851683867 composite?
True
Is 333122093 a prime number?
True
Is 783913133 prime?
True
Is 4849908913 a prime number?
True
Is 2313578191 a composite number?
False
Is 2457473519 a composite number?
False
Is 16487456831 a composite number?
True
Is 4455663083 prime?
True
Is 182053406479 composite?
True
Is 2077717591 a prime number?
False
Is 2391428477 prime?
False
Is 1189883026 composite?
True
Is 77938851 composite?
True
Is 81019026001 a prime number?
True
Is 5441040107 prime?
True
Is 139766792707 composite?
True
Is 653956819 a prime number?
False
Is 3565054079 prime?
True
Is 187534253 composite?
True
Is 159876637 a composite number?
True
Is 431145119 prime?
False
Is 86249173 composite?
False
Is 21109821289 a prime number?
False
Is 50908450157 prime?
False
Is 13933162613 a prime number?
False
Is 1026757167 a prime number?
False
Is 2740258091 composite?
True
Is 3882949541 composite?
True
Is 18877006003 a composite number?
False
Is 30684271127 a prime number?
False
Is 178299103 a prime number?
True
Is 10060261361 composite?
False
Is 1449564401 a prime number?
True
Is 15487536761 a prime number?
True
Is 5112637109 prime?
False
Is 5641636087 a prime number?
False
Is 2809652927 a prime number?
True
Is 355746931 a composite number?
True
Is 136768529 prime?
True
Is 5827509587 prime?
False
Is 179577523 composite?
False
Is 6640428103 prime?
True
Is 13031500301 prime?
True
Is 15588915473 composite?
False
Is 42960860311 prime?
True
Is 2057392411 prime?
False
Is 47921550821 prime?
True
Is 13238600651 a composite number?
True
Is 15328456133 prime?
True
Is 72366849857 a prime number?
False
Is 1146934163 prime?
False
Is 1481446627 composite?
True
Is 3000410177 prime?
True
Is 22044643097 a composite number?
True
Is 744712723 composite?
False
Is 3712154401 composite?
True
Is 68199431 prime?
True
Is 5847078509 prime?
False
Is 1457326757 a prime number?
True
Is 12023797211 prime?
False
Is 220815869 a composite number?
True
Is 717397523 prime?
True
Is 157696927 composite?
False
Is 1695478613 composite?
True
Is 5128376827 a composite number?
True
Is 399399599 composite?
True
Is 3702119093 prime?
False
Is 28765984889 a composite number?
True
Is 113814824141 a prime number?
False
Is 574779631 a composite number?
False
Is 3423554527 prime?
True
Is 957242369 a composite number?
False
Is 9391899257 a composite number?
True
Is 22629377 a composite number?
False
Is 26363992561 a composite number?
True
Is 31237295195 composite?
True
Is 1894198507 a composite number?
False
Is 17858304203 a composite number?
False
Is 110650883 a prime number?
False
Is 3341092918 prime?
False
Is 8395452833 a prime number?
True
Is 149327551291 a prime number?
False
Is 682537543 a composite number?
False
Is 807746767 a composite number?
True
Is 866533097 a prime numb